 l(m) be the first derivative of 3*m**2/2 + m - 22. Give l(3).
10
Let u(a) be the third derivative of a**6/720 - a**5/60 - a**4/12 + 2*a**2. Let o(y) be the second derivative of u(y). What is o(-4)?
-6
Let z(f) = -7 - 2 - 5*f + 0 + 12. Calculate z(3).
-12
Let k(h) = -4*h + h - 6*h + 3 - 2*h**2 + 6*h. Suppose 4*m - l - 2*l = -12, -6 = 2*m + 2*l. Determine k(m).
-6
Let y(o) be the third derivative of o**6/120 + o**5/12 - o**4/8 + 7*o**3/6 + o**2. Give y(-6).
-11
Suppose -2*s + 4 = -3*s. Let d(h) = h. Let o(f) = -5*f + 3. Let i(w) = 4*d(w) + o(w). What is i(s)?
7
Let u(v) = v - 3. Let y = -4 + 10. Suppose 2*d + d = y. What is u(d)?
-1
Let c(w) = w**2 + 6*w - 5. Let u be c(-7). Let p(b) be the second derivative of 7/12*b**4 + 0 + 1/2*b**u + 1/3*b**3 - b. Determine p(-1).
6
Let h = 1 + -5. Let w be (-114)/(-8) - h/(-16). Let b = -9 + w. Let m(z) = -z**2 + 5*z - 7. Give m(b).
-7
Suppose 6*u - 15 = u. Suppose -u*f + 5 = 17. Let i(w) = 2*w**2 + 5*w. Give i(f).
12
Suppose -n = c + 4, -3*n = 2*n + 10. Let o = 4 - 1. Let w(s) = -s + s**o - s + 0*s**2 + s**2. Calculate w(c).
0
Let p(o) = -o - 1. Let k(j) = -8*j + 5. Let t be k(3). Let u = t - -13. Determine p(u).
5
Let h(g) = g**3 - g**2 + g + 1. Let l(i) = -3*i**3 - 3*i**2 + 1. Let m(a) = -2*h(a) + l(a). Determine m(-1).
5
Let i(v) = v**2 - 4*v + 1. Suppose 4*q - 3 = -11. Let c be (q/(-6))/((-3)/(-36)). Give i(c).
1
Suppose -3*c - 2 + 14 = 0. Suppose 0 = c*n - 3*n. Let a(y) = -y + 9. Calculate a(n).
9
Suppose 0 = -d - 4*r + 18, 3*d + r + 3 - 13 = 0. Let m = d + 0. Let g(o) = 4*o - 1. Calculate g(m).
7
Let u = -18 + 21. Let q(x) be the second derivative of 0 - 2*x + 1/2*x**2 - 1/2*x**u. Calculate q(-2).
7
Let s(h) be the third derivative of -h**5/60 - 7*h**4/24 - h**3/2 - 2*h**2. Let l be s(-7). Let z(y) = -y**2 - 4*y. What is z(l)?
3
Let x be (2 + -2 - -1)/(-1). Let s(r) = 2*r - 1. Calculate s(x).
-3
Let q(l) = -7*l**3 + l**2 - l. Let g = -8 + 9. Suppose g = -n + 6. Suppose 10*b - n*b = 5. Calculate q(b).
-7
Suppose -5 = -7*g + 6*g. Let q(a) = -a**3 + 5*a**2 - 4. Calculate q(g).
-4
Let a(u) = 14*u + 3. Let k(t) = -14*t - 4. Let z(p) = -4*a(p) - 3*k(p). Calculate z(-1).
14
Let j(h) = 13*h**3 + h**2 + 4*h + 3. Let k(z) = -7*z**3 - z**2 - 2*z - 1. Let g(a) = 6*j(a) + 11*k(a). Determine g(5).
17
Let o = -33 - -34. Let w(l) be the second derivative of -l**4/2 - l**3/6 - 2*l. What is w(o)?
-7
Let f(m) = m**2 + m - 9. Let j(b) = -b**2 + 8. Let h(c) = 5*f(c) + 6*j(c). What is h(4)?
7
Suppose 2*t - 4*t + 8 = 0. Let w(p) be the first derivative of 5 - 1/2*p**2 + 0*p. Determine w(t).
-4
Let b = 7 + -17. Let k = b - -14. Let l(h) = h**3 - 3*h**2 - 3*h - 4. Give l(k).
0
Let o = -2 + 3. Let z(f) = -5 + f + 4*f + o - f**2. Determine z(4).
0
Let u = -4 - -8. Let f(w) = -7 + u + 4*w - 2*w - 4*w. What is f(-4)?
5
Let m(o) = 11*o - 23. Let y(t) = -5*t + 11. Let c(x) = -6*m(x) - 13*y(x). Let j be 1/3 + (-3)/9. What is c(j)?
-5
Let c(d) = -d**3 - 5*d**2 + 2. Let g be -5*(3 - (3 - 1)). What is c(g)?
2
Let k be 4 + 1/3*3. Suppose r = 3*d + 1 - 5, k*r = 4*d - 20. Let b(j) = j + j**2 + d*j**2 - 5*j. What is b(4)?
0
Let t(z) = 2 - 12*z + 0 + 14*z + 8*z - z**2. Give t(10).
2
Let q(s) = s - 8. Let g be q(6). Let k be 3/1 - (-1 - -2). Let r = g + k. Let w(j) = -j**3 - j**2 + 2. Give w(r).
2
Let t(q) be the third derivative of -1/24*q**4 - 3*q**2 + 0 - 3/2*q**3 + 0*q. Give t(0).
-9
Let m(i) = i + 3. Suppose 3*n = -5*t - 19, -4*n + 8 = -0*n. Determine m(t).
-2
Suppose 0 = -5*h - 1 - 4. Let i(z) = -z**3 - z**2 - z - 1. Let j(g) = -7*g**3 - 10*g**2 - 7*g - 7. Let l(x) = h*j(x) + 6*i(x). Calculate l(-3).
7
Let t = 1 - 6. Let l(n) = 2*n + 7. Determine l(t).
-3
Let a(x) = -3*x**2 + 4*x - 3. Let j(u) = 5*u**2 - 7*u + 6. Let i(z) = -7*a(z) - 4*j(z). Give i(4).
13
Let x(f) = f + 5. Let i(y) = y**3 + 5*y**2 - 5*y. Let z be i(-6). Give x(z).
-1
Let k(z) = 2*z + 2 + 0 - 1. Let t = -204 - -207. Determine k(t).
7
Let u(h) = h**2 + 7*h + 5. Let i be u(-6). Let b be 2/5 + 4/(-10). Let v(x) = b - 4*x + 1 + 2*x. What is v(i)?
3
Let c = 6 + -2. Suppose p - 37 = c*w + 3, 3*p = -5*w - 50. Let g = w - -4. Let r(f) = f. Determine r(g).
-6
Let y(d) = -3*d + 18. Let l(x) = -2*x + 9. Let h(w) = 5*l(w) - 3*y(w). Suppose 0 = -2*i - 19 + 3. What is h(i)?
-1
Let f(d) = -d - 3. Let u = -73 - -69. Calculate f(u).
1
Let q(b) = -5*b**2 + 3*b + 5*b**2 - 3 - b**2 - b**2. Calculate q(2).
-5
Let v be ((-24)/(-14) - 2)*-7. Let j(p) be the second derivative of 1/2*p**3 - 1/2*p**2 + 0 + v*p. What is j(3)?
8
Let p(g) = -g + 1. Suppose -b + 9 - 8 = 0. Suppose -2 + 3 = 2*r - 3*i, -5*r = -2*i - 8. Suppose -t = j + b, -5*j + r*t = 20 - 1. Determine p(j).
4
Let c(p) = 3*p**2 + 7*p + 8. Let g(j) = 2*j**2 + 6*j + 7. Let a(l) = -3*c(l) + 4*g(l). Calculate a(4).
0
Suppose -5*k - 1 = -2*x - 3, -4*x = 5*k - 26. Suppose 5*n = n + x. Let r(q) = 2*q**2 - 1 + 0 - n + q - q**2 - q**3. Determine r(0).
-2
Suppose c + 9*c + 40 = 0. Let f(w) = -2*w - 16. Let p(o) = -o - 8. Let y(z) = -6*f(z) + 13*p(z). Determine y(c).
-4
Let q(b) = b**3 - b**2 + b + 1. Let l be 5 + 2 - 0/(-1). Suppose 0 = l*f - 3*f. What is q(f)?
1
Let o(r) = -r**3 + r**2 - 7*r - 1. Let v(h) = 1 + 4*h - h - h**2 + 0*h**3 + 3*h + 2*h**3. Let d(n) = 5*o(n) + 6*v(n). Determine d(-1).
-8
Let o(i) = 4 + 2 - 319*i**3 + 5*i**2 + 318*i**3 - 6*i. What is o(4)?
-2
Let w be 1 + 1 + 2/(-1). Let a(r) = 7*r + w*r + r**2 - 2*r. Suppose -5 = -5*x, 0 = -0*m - 4*m - 5*x - 15. Give a(m).
0
Let n = -1 + -1. Let q(o) be the second derivative of -1/6*o**3 - 2*o**2 + 4*o + 0. Give q(n).
-2
Let y(a) = a - 1. Let l(i) = -i**2 - 2*i + 2. Let w(z) = -l(z) - 2*y(z). Give w(1).
1
Let f(s) be the second derivative of s**5/20 + s**4/3 - 5*s**3/6 - s**2 + s. Let b(q) = 12*q**3. Let v be b(-1). Let i = 7 + v. Calculate f(i).
-2
Let f(j) be the third derivative of j**5/60 - 8*j**2. Determine f(-2).
4
Let p(h) = -h**2 - 9*h - 17. Let v be p(-5). Let q(y) = y**2 + 4. What is q(v)?
13
Let g = -1 + 0. Let k(h) = -h**3 - 2*h**2 - 2*h - 1. Give k(g).
0
Let c(s) = 3*s**2 + 6*s + 2. Let r(l) = l**2 + l - 1. Let h = 11 + -6. Suppose b + h - 4 = 0. Let t(o) = b*c(o) + 2*r(o). What is t(-4)?
-4
Let p be (8 + -1)*2/7. Let t(o) = -2*o**2 + 0 - 2*o + p + 0*o**2 - o**3 + 0*o**2. Let h be 9/(-6)*8/6. What is t(h)?
6
Let z(l) = -6*l**2 - 2*l - 1. Let h(a) be the first derivative of 2 + 0*a - 1/2*a**2. Let i be h(1). Give z(i).
-5
Let k(x) be the third derivative of -5*x**4/24 - 11*x**2. Let f(r) = 3 + 4 - 1 + r. Let y be f(-5). What is k(y)?
-5
Let j = 8 - 3. Let b(x) = -2 + j*x - x - x. Let y = -10 - -12. Determine b(y).
4
Let k(p) = p**3 - p. Let r(i) = 5*i**3 - 2*i**2 - i + 2. Let m(l) = 6*k(l) - r(l). Give m(-3).
4
Let o(w) = 6*w + 5*w - 3*w + 1 - 2*w. Let c(s) = -s**2 - 2*s + 2. Let g be c(-3). Let j = 0 + g. Determine o(j).
-5
Let i(x) = 6*x**2 - 1 - x**3 - 3*x + 2*x + 0*x**2. Give i(6).
-7
Suppose 0 = 3*m - 6*m - 3. Let b(g) be the second derivative of 1/3*g**4 + 0 + 1/6*g**3 + 0*g**2 - 3*g. Determine b(m).
3
Let f(g) = 0*g - g + 0*g**3 - g**3. Let u(x) = -5*x**3 - 6*x**2 - 3*x + 1. Let d(z) = z - 5. Let o be d(6). Let h(m) = o*u(m) - 4*f(m). Calculate h(-6).
-5
Let t(i) be the third derivative of 7/24*i**4 + 0*i + 0 + i**2 + 7/3*i**3. Let c(j) = 3*j + 7. Let y(o) = 9*c(o) - 4*t(o). Calculate y(4).
3
Suppose 0 = -2*t + 3*x + 10 + 5, -3*x - 15 = 3*t. Let q(n) = n**2 - n + 19. Give q(t).
19
Let q(g) be the first derivative of g**4/2 - 4*g**3/3 - 2*g + 10. Calculate q(3).
16
Let c(s) = -6*s - 3. Let t = 11 - 11. Suppose 0 = 2*z + 3 + 1. Let j be t + z/(4 + -3). Determine c(j).
9
Let i(p) = p - 8. Suppose -3*m = z + m - 6, 0 = -3*z + 5*m - 33. Determine i(z).
-14
Let p(d) be the first derivative of 3*d**2/2 + d - 2. Suppose 2 = -v - v. Give p(v).
-2
Let o = 11 - 7. Suppose -3*s + s + 14 = o*m, -5*s = -4*m + 7. Let a(h) = -2*h - 4. Calculate a(m).
-10
Suppose -4*n + 0*j = 3*j - 21, -2*n = 4*j - 18. Let y(r) = r. Let u be y(n). Let v be (1/1)/(u + -4). Let k(a) = 5*a**2. Calculate k(v).
5
Let g(b) = b**3 - 6*b**2 - 9*b - 7. Let u be 2/(-1 - (-27)/21). What is g(u)?
-21
Let r(c) = 0*c - 7*c - 3 + 8*c. Give r(5).
2
Suppose 5*f - 51 = -0*f - a, 0 = 5*a - 5. Let s = f - 12. Let n(j) = 2*j**3 + 4*j**2 + 2*j. What is n(s)?
-4
Let a be (1 + 1)/((-2)/6). Let p(s) = -4*s**2 - 3 + 